e 8) to base 4.
-2
What is -8 (base 12) in base 8?
-10
What is -215 (base 9) in base 11?
-150
10211 (base 3) to base 5
403
Convert -11 (base 3) to base 13.
-4
What is -13 (base 5) in base 9?
-8
What is 3 (base 8) in base 16?
3
-21 (base 12) to base 8
-31
What is -268 (base 13) in base 7?
-1144
Convert -4 (base 8) to base 16.
-4
What is 86 (base 11) in base 4?
1132
-40 (base 6) to base 7
-33
Convert -22 (base 5) to base 14.
-c
Convert -310 (base 6) to base 3.
-11020
Convert -1 (base 9) to base 16.
-1
Convert 10100 (base 3) to base 2.
1011010
-10 (base 6) to base 16
-6
35 (base 8) to base 13
23
What is -26 (base 7) in base 11?
-19
Convert -27 (base 10) to base 13.
-21
-13 (base 11) to base 14
-10
What is -124 (base 7) in base 10?
-67
1d (base 16) to base 7
41
Convert -3 (base 12) to base 6.
-3
Convert -1 (base 7) to base 3.
-1
Convert 153 (base 8) to base 10.
107
-2 (base 10) to base 16
-2
What is 96 (base 11) in base 12?
89
40 (base 8) to base 7
44
What is 2 (base 12) in base 2?
10
Convert -d (base 14) to base 12.
-11
Convert -5 (base 13) to base 10.
-5
What is 0 (base 2) in base 12?
0
What is -101 (base 2) in base 6?
-5
What is -b (base 14) in base 11?
-10
-1 (base 3) to base 13
-1
3 (base 8) to base 11
3
Convert 18 (base 13) to base 11.
1a
What is 85 (base 13) in base 12?
91
Convert -5 (base 14) to base 15.
-5
5 (base 6) to base 9
5
What is -2 (base 14) in base 12?
-2
Convert -222 (base 3) to base 9.
-28
-4 (base 12) to base 13
-4
Convert -12 (base 3) to base 6.
-5
-1011010 (base 2) to base 7
-156
Convert 125 (base 7) to base 5.
233
Convert 6 (base 10) to base 8.
6
Convert -1043 (base 5) to base 10.
-148
Convert -3 (base 13) to base 4.
-3
What is -75 (base 10) in base 3?
-2210
What is 3 (base 6) in base 8?
3
14 (base 12) to base 7
22
What is 120 (base 3) in base 14?
11
What is 48 (base 12) in base 16?
38
What is 1104 (base 5) in base 9?
181
What is 2 (base 3) in base 12?
2
-38 (base 9) to base 4
-203
Convert 94 (base 16) to base 10.
148
What is -4 (base 10) in base 7?
-4
-5 (base 10) to base 6
-5
-5 (base 10) to base 5
-10
Convert 1010011 (base 2) to base 8.
123
What is 3 (base 14) in base 3?
10
-116 (base 7) to base 8
-76
136 (base 10) to base 13
a6
-97 (base 10) to base 11
-89
-19 (base 14) to base 13
-1a
What is -4 (base 11) in base 9?
-4
-35 (base 6) to base 13
-1a
Convert -110 (base 2) to base 8.
-6
-63 (base 9) to base 12
-49
What is 1 (base 2) in base 16?
1
Convert -1 (base 3) to base 5.
-1
What is -3 (base 12) in base 2?
-11
Convert -57 (base 9) to base 13.
-40
Convert 5 (base 16) to base 6.
5
-2 (base 8) to base 5
-2
Convert 11 (base 4) to base 15.
5
Convert 2 (base 4) to base 9.
2
What is 5 (base 6) in base 11?
5
Convert 10 (base 8) to base 6.
12
Convert a (base 12) to base 9.
11
Convert -142 (base 12) to base 16.
-c2
What is -40 (base 13) in base 4?
-310
11 (base 4) to base 9
5
What is -544 (base 7) in base 10?
-277
b (base 12) to base 14
b
Convert 12 (base 3) to base 10.
5
100 (base 2) to base 8
4
What is 112 (base 3) in base 15?
e
104 (base 7) to base 14
3b
Convert -102 (base 3) to base 12.
-b
Convert -2 (base 9) to base 10.
-2
Convert 5 (base 9) to base 15.
5
What is -179 (base 14) in base 4?
-10233
Convert 2 (base 3) to base 4.
2
8e (base 15) to base 12
b2
Convert 5 (base 16) to base 3.
12
Convert -126 (base 7) to base 16.
-45
-11010101 (base 2) to base 11
-184
What is 12 (base 15) in base 14?
13
2b (base 13) to base 3
1101
Convert 2 (base 5) to base 14.
2
What is 3 (base 14) in base 2?
11
14 (base 12) to base 4
100
Convert 1a (base 14) to base 4.
120
25 (base 14) to base 9
36
What is 3 (base 7) in base 12?
3
-4 (base 6) to base 16
-4
-4 (base 10) to base 8
-4
What is -11 (base 8) in base 11?
-9
2 (base 9) to base 6
2
What is -195 (base 10) in base 3?
-21020
Convert -6 (base 11) to base 16.
-6
-4 (base 14) to base 3
-11
What is 90 (base 10) in base 9?
110
Convert -1d (base 14) to base 6.
-43
Convert 13 (base 10) to base 11.
12
Convert 0 (base 13) to base 6.
0
What is 2 (base 13) in base 15?
2
-2 (base 11) to base 14
-2
What is 6b (base 12) in base 2?
1010011
8b (base 13) to base 15
7a
Convert 0 (base 10) to base 15.
0
Convert 34 (base 7) to base 11.
23
Convert -2 (base 5) to base 11.
-2
Convert -230 (base 5) to base 9.
-72
11 (base 6) to base 10
7
0 (base 11) to base 2
0
Convert -3 (base 4) to base 6.
-3
Convert 8 (base 13) to base 6.
12
Convert 30 (base 13) to base 6.
103
Convert -100001 (base 2) to base 14.
-25
Convert -23 (base 4) to base 12.
-b
What is 14 (base 5) in base 11?
9
Convert -2 (base 4) to base 7.
-2
What is 11 (base 9) in base 5?
20
Convert 4 (base 8) to base 14.
4
25 (base 12) to base 8
35
-9 (base 15) to base 13
-9
What is -225 (base 6) in base 10?
-89
-2 (base 3) to base 7
-2
2 (base 12) to base 15
2
What is -3 (base 14) in base 5?
-3
32 (base 11) to base 3
1022
Convert -91 (base 10) to base 14.
-67
Convert 10 (base 2) to base 15.
2
Convert 234 (base 5) to base 3.
2120
Convert -1000110 (base 2) to base 12.
-5a
What is 3 (base 8) in base 15?
3
-2 (base 15) to base 2
-10
Convert 10 (base 2) to base 16.
2
What is -7 (base 12) in base 14?
-7
Convert -13 (base 9) to base 11.
-11
What is -2c (base 16) in base 14?
-32
Convert -1 (base 5) to base 7.
-1
What is -4 (base 7) in base 8?
-4
Convert -6a (base 14) to base 8.
-136
Convert -70 (base 12) to base 6.
-220
What is 1 (base 9) in base 4?
1
What is 1305 (base 6) in base 9?
405
Convert -162 (base 7) to base 3.
-10110
-5 (base 7) to base 16
-5
2033 (base 4) to base 14
a3
Convert 10 (base 2) to base 3.
2
-1a (base 15) to base 9
-27
Convert -4 (base 8) to base 2.
-100
16 (base 12) to base 11
17
-4 (base 15) to base 16
-4
What is -2 (base 14) in base 11?
-2
What is 0 (base 15) in base 3?
0
-42 (base 5) to base 6
-34
Convert -201 (base 3) to base 16.
-13
What is 0 (base 13) in base 3?
0
Convert 23 (base 5) to base 6.
21
What is -52 (base 15) in base 2?
-1001101
What is 15 (base 12) in base 5?
32
What is -2 (base 11) in base 10?
-2
3 (base 4) to base 6
3
-343 (base 5) to base 13
-77
Convert -2200 (base 3) to base 10.
-72
What is 111 (base 5) in base 16?
1f
What is 12 (base 12) in base 5?
24
What is 0 (base 5) in base 14?
0
Convert 24 (base 9) to base 10.
22
3 (base 4) to base 2
11
Convert 29 (base 11) to base 9.
34
-21010 (base 3) to base 5
-1232
-3 (base 12) to base 16
-3
Convert -132 (base 4) to base 15.
-20
Convert -3 (base 11) to base 13.
-3
Convert 0 (base 7) to base 10.
0
-4 (base 15) to base 3
-11
Convert -2 (base 3) to base 4.
-2
Convert -3 (base 8) to base 13.
-3
What is -101 (base 3) in base 14?
-a
Convert -9 (base 12) to base 10.
-9
182 (base 10) to base 12
132
-b (base 14) to base 11
-10
13 (base 8) to base 15
b
What is 38 (base 16) in base 10?
56
Convert -20 (base 9) to base 15.
-13
Convert -206 (base 8) to base 16.
-86
Convert 0 (base 6) to base 5.
0
What is -403 (base 6) in base 16?
-93
What is -23 (base 9) in base 6?
-33
Convert 51 (base 12) to base 14.
45
What is -77 (base 14) in base 11?
-96
12 (base 15) to base 16
11
What is -1003 (base 4) in base 5?
-232
Convert -2 (base 13) to base 3.
-2
Convert -1c5 (base 14) to base 10.
-369
Convert 5 (base 13) to base 6.
5
What is -1 (base 2) in base 12?
-1
Convert 132 (base 10) to base 9.
156
What is -3 (base 11) in base 8?
-3
What is -14 (base 5) in base 16?
-9
Convert b (base 16) to base 12.
b
What is 11 (base 6) in base 7?
10
Convert 1010000 (base 2) to base 7.
143
-1010 (base 4) to base 12
-58
What is -12 (base 11) in base 5?
-23
What is 1a (base 12) in base 7?
31
Convert 4 (base 14) to base 7.
4
What is -1 (base 13) in base 10?
-1
Convert -2 (base 8) to base 3.
-2
Convert 5 (base 8) to base 6.
5
Convert 17 (base 14) to base 6.
33
92 (base 15) to base 3
12002
-100 (base 2) to base 12
-4
Convert 114 (base 6) to base 12.
3a
-34 (base 7) to base 15
-1a
0 (base 8) to base 6
0
Convert 0 (base 9) to base 16.
0
c (base 14) to base 11
11
What is -13 (base 5) in base 11?
-8
What is 11100 (base 2) in base 13?
22
14 (base 16) to base 13
17
-4 (base 15) to base 12
-4
What is 12 (base 4) in base 2?
110
Convert -338 (base 10) to base 16.
-152
-52 (base 9) to base 13
-38
Convert -4 (base 9) to base 3.
-11
Convert -75 (base 12) to base 10.
-89
What is -1 (base 15) in base 5?
-1
What is -3 (base 13) in base 2?
-11
What is 